{"id":1217,"date":"2019-09-25T20:10:09","date_gmt":"2019-09-25T18:10:09","guid":{"rendered":"http:\/\/magic-seven.de\/?page_id=1217"},"modified":"2024-12-09T00:36:54","modified_gmt":"2024-12-08T22:36:54","slug":"mainzer-rollenspieltreff","status":"publish","type":"page","link":"https:\/\/magic-seven.de\/?page_id=1217","title":{"rendered":"Mainzer Rollenspieltreff"},"content":{"rendered":"<p>Hallo Reisende,<\/p>\n<p>ich hei\u00dfe <b>Oliver<\/b> (39 damals, heute 44) und lade dich herzlich zum Rollenspieltreff in <b>Mainz<\/b> im Orcish Outpost ein, um <b>Tischrollenspiel<\/b> kennenzulernen, an einem Einf\u00fchrungsspiel teilzunehmen, andere Rollenspieler und Spielleiter anzutreffen und Spielrunden anzubieten oder beizutreten.<\/p>\n<p>Diese Treffen sind <b>kosten- und werbefrei<\/b>, werden nicht durch einen Verein ausgetragen und dienen nicht einem kommerziellen Zweck. <i>(Bei mir handelt es sich um eine Privatperson, die anderen Interessierten gerne das Hobby Pen and Paper n\u00e4herbringt.)<\/i><\/p>\n<p>Inzwischen entschied ich mich einen <strong>Klub<\/strong> zu gr\u00fcnden; einen lockeren Zusammenschluss von Interessierten im Bereich Tischrollenspiel. (Kein Verein, keine Beitr\u00e4ge.) Weitere Informationen findest du auf der <a href=\"https:\/\/magic-seven.de\/?page_id=1466\">Klubseite<\/a>.<\/p>\n<p>Im folgenden Text (und weiteren Beitr\u00e4gen) wird die <b>Abk\u00fcrzung RST<\/b> verwenden, die f\u00fcr <b>&#8222;Mainzer Rollenspieltreff&#8220;<\/b> steht.<\/p>\n<h3>Gendering im Tischrollenspiel<\/h3>\n<p>Auf <strong>Wikipedia<\/strong> erf\u00e4hrt man, dass es acht unterschiedliche Arten gibt, wie man in Texten <strong>gendern<\/strong> kann &#8211; und keine sagt mir zu. Jedwede Umgestaltung oder Doppelpaarung st\u00f6rt &#8211; meiner Meinung nach &#8211; den <strong>Lesefluss<\/strong> und dient sicherlich nicht der Verst\u00e4ndlichkeit, auch wenn ich das Thema korrekt behandeln m\u00f6chte.<\/p>\n<p>Ein Plan muss her! Und da dachte ich mir: <em>&#8222;Die letzten X Dekaden wurde &#8211; wie selbstverst\u00e4ndlich &#8211; die m\u00e4nnliche Schreibform pr\u00e4feriert; warum nicht einfach die n\u00e4chsten &#8211; sagen wir vier &#8211; Dekaden die weibliche Form nutzen. Danach &#8211; also 2059 &#8211; k\u00f6nnen wir uns ja gerne mal zusammensetzen und uns \u00fcberlegen, welche Schreibweise wir demn\u00e4chst verwenden wollen.&#8220;<\/em> Und somit hei\u00dfe ich jetzt herzlich alle <strong>Spielerinnen<\/strong> willkommen; worunter ich selbstverst\u00e4ndlich auch alle m\u00e4nnlichen Spieler mit einschlie\u00dfe!<\/p>\n<h3>Ein klare Ansage: Tischrollenspiel ist ein Gemeinschaftsspiel!<\/h3>\n<p>Dieses Hobby bringt viele <b>unterschiedliche Personenkreise<\/b> zusammen &#8211; was sehr gut ist! Dies wollen wir bewahren und f\u00f6rdern, darum eine klare Ansage: <strong>Rassismus, bashen und andere Handlungen, die gegen eine Person (oder Gruppe) gerichtet sind, werden nicht toleriert!<\/strong> Wir akzeptieren jede Mitspielerin wie sie ist.<\/p>\n<p>Ich danke dir f\u00fcr unseren <strong>Zusammenhalt<\/strong>; <em>Alerta, Alerta, Antifacista!<\/em><\/p>\n<h3>Spoilerwarnungen und heikle Themen<\/h3>\n<p>Da ihr meistens die <strong>Spielleitung<\/strong> nicht kennt (und umgekehrt), bitte ich euch darum, vor einer Teilnahme mit deiner Spielleitung Kontakt aufzunehmen, sollte es Themen geben, die euch <strong>unangenehm<\/strong> sind oder die ihr <strong>meiden<\/strong> wollt in einem Abenteuer zu erleben, bzw. zu erfahren. Ein Beispiel an dieser Stelle: Leidet ihr unter <em>Arachnophobie<\/em> und wollt kein Abenteuer in einem Wald oder einer H\u00f6hle erleben, in der <em>Spinnen<\/em> eine Gegnerart darstellen, so teilt dies bitte mit. Ich weise die Spielleitung auch darauf hin, zu Beginn des Abenteuers explizit darauf hinzuweisen, sodass wir nicht in die Gefahr laufen, euch Angst oder <strong>Unbehangen<\/strong> zu bereiten.<\/p>\n<h3>Was ist der Rollenspieltreff?<\/h3>\n<p>Der RST ist eine <b>nicht kommerzielle Veranstaltung<\/b> mit folgenden M\u00f6glichkeiten:<\/p>\n<ul>\n<li><strong>Teilnahme an einem Einf\u00fchrungsspiel<\/strong>, um das Hobby Tischrollenspiel kennenzulernen<\/li>\n<li>Teilnahme an Runden, die neue\/andere Systeme bespielen, um diese Systeme kennenzulernen<\/li>\n<li><strong>Kontaktaufnahme zu anderen Spielerinnen und Spielleiterinnen<\/strong>, um eine Gruppe zu finden oder eine eigene auszurufen<\/li>\n<li><strong>Fragen<\/strong> an erfahrene Spielerinnen und Spielleiterinnen <strong>stellen<\/strong><\/li>\n<li>Den RST als &#8222;<strong>Spielwiese<\/strong>&#8220; f\u00fcr deine Leitung nutzen &#8211; so kannst du das Leiten \u00fcben oder gar erfahrene Spielleiterinnen in deiner Gruppe haben, die dir Tipps und Tricks geben k\u00f6nnen<\/li>\n<li><strong>Diskussionen<\/strong> beizuwohnen, die Regelmechaniken kl\u00e4ren, Spielleiterstile durchleuchten, Konfliktl\u00f6sungen besprechen und neue Ideen f\u00fcr Abenteuer bieten<\/li>\n<\/ul>\n<p>Es gilt das Motto <strong>&#8222;Der RST ist das, was DU draus machst!&#8220;<\/strong>. Solltest du dir unsicher sein, ob dein Vorhaben auf offene Ohren st\u00f6\u00dft, kl\u00e4re es gerne kurz mit uns ab; gemeinsam schauen wir, ob dein <strong>Konzept<\/strong> anwendbar ist.<\/p>\n<h2>Wozu dient Tischrollenspiel?<\/h2>\n<p>Viele Besucher fragen mich, wozu das Spiel diene, was dessen Ziel ist, wer gewinnt und ob es \u00fcberhaupt Spa\u00df macht, mit so wenig Spielmaterial \u00fcber mehrere Stunden auszukommen?<\/p>\n<p>Meine Auffassung von Tischrollenspiel ist: Es soll <strong>unterhalten<\/strong> &#8211; wie ein Kinofilm &#8211; und dabei <strong>Spa\u00df<\/strong> machen &#8211; wie der Besuch eines Jahrmarktes. Und wie wir uns <strong>gemeinsam<\/strong> einen Kinofilm ansehen oder \u00fcber den Jahrmarkt gehen, um gemeinsam Spa\u00df zu haben und unterhalten zu werden, so ist das Spielen eines Rollenspiels.<\/p>\n<p>Eine gelungene Tischrollenspielrunde ist eine, bei der jede (einzelne) Spielerin Freude empfindet und am Ende etwas traurig und erstaunt dar\u00fcber ist, dass es bereits zu Ende ist; und sie letztenends den Wunsch \u00e4u\u00dfert in einer solch geselligen Runde gerne erneut spielen w\u00fcrde.<\/p>\n<p>Es geht nicht darum als Spielleiterin seine Geschichte loszuwerden oder die Spielerinnen in den Tod zu schicken; es geht darum, dass alle <strong>gemeinsam<\/strong> eine tolle (und meist spannende) <strong>Geschichte<\/strong> zusammen <strong>erz\u00e4hlen<\/strong>, bei der jede Spielerin die Gelegenheit hatte ihren <strong>Charakter auszuspielen<\/strong> und wesentlich zum Spielverlauf beizutragen.<\/p>\n<h3>Wo findet der Rollenspieltreff statt?<\/h3>\n<p>Der RST findet derzeit an folgender\u00a0 \u00d6rtlichkeit statt:<\/p>\n<p><strong>Orcish Outpost, Zanggasse 7, 55116 Mainz<\/strong><\/p>\n<p><span style=\"color: #808000;\">Hinweis: Manuel ist Co-Organisator. &#8222;Seine&#8220; RST finden in gemieteten R\u00e4umlichkeiten im Mainzer Raum statt. N\u00e4here Informationen erh\u00e4ltst du \u00fcber ihn<\/span>: <a href=\"mailto:rollenspiel.mz@gmail.com\">rollenspiel.mz@gmail.com<\/a><\/p>\n<h3>Wie oft findet der Rollenspieltreff statt?<\/h3>\n<p>Planm\u00e4\u00dfig ist ein <strong>monatliches Treffen<\/strong> vorgesehen. Aus organisatorischen Gr\u00fcnden ist ein fixer Termin leider nicht m\u00f6glich. Im Regelfall erfahre ich zu <strong>Beginn des Monats<\/strong>, bzw. in den ersten Tagen des Monats, den Termin des kommenden Rollenspieltreffs.<\/p>\n<h3>Wie erfahre ich von dem n\u00e4chsten Rollenspieltreff?<\/h3>\n<ul>\n<li>Der <strong>Verk\u00e4ufer<\/strong> im Orcish Outpost kann dir Auskunft geben.<\/li>\n<li>Auf <strong>Reddit<\/strong> ver\u00f6ffentliche ich das Event in <strong>r\/Mainz<\/strong>, sofern noch Pl\u00e4tze frei sind.<\/li>\n<li>In unserer <strong>Whatsapp-Gruppe*<\/strong> des Klubs; der <strong>Rollenspielfreunde Mainz<\/strong>.<\/li>\n<\/ul>\n<p>\u2666 Die Ver\u00f6fffentlichung des Termins auf dieser Internetseite habe ich <strong>eingestellt<\/strong>, da ich diese Plattform zu selten administriere.<\/p>\n<p><em>* Um in den Klub aufgenommen zu werden, setze ich die pers\u00f6nliche Kontaktaufnahme voraus.<\/em><\/p>\n<h3>Wir sind eine kleine Gruppe. Wie k\u00f6nnen wir ins Spiel kommen?<\/h3>\n<p>Solltet ihr in eurem <strong>Freundeskreis<\/strong> bereits eine kleine Gruppe sein, die das Hobby Tischrollenspiel (wie z.B. <em>Dungeons and Dragons<\/em>) ausprobieren m\u00f6chten, k\u00f6nnen wir gerne einen <strong>separaten Termin<\/strong> ausmachen. Dieser Termin z\u00e4hlt dann auch nicht offiziell als RST. <em>(Hintergrund dieses Angebotes ist es, dass die Pl\u00e4tze am RST begrenzt sind und wir so die Pl\u00e4tze im Event freihalten.)<\/em><\/p>\n<h3>Wer kann am Rollenspieltreff mitmachen?<\/h3>\n<p><strong>Jede\/r.<\/strong><\/p>\n<p>Solltest du <strong>sehr junge Spieler:innen<\/strong> mitbringen wollen, kl\u00e4re dies bitte kurz mit uns ab, dann k\u00f6nnen wir entsprechend darauf reagieren und ggf. eine Spielrunde zusammenstellen, die den Anforderungen der jungen Mitspielerinnen gerechter ist. Ebenso bei k\u00f6rperlich oder geistig eingeschr\u00e4nkten Spieler:innen w\u00fcrden wir dann gerne auf ihre individuellen Bed\u00fcrfnisse eingehen.<\/p>\n<h3>Muss ich mich f\u00fcr den Rollenspieltreff anmelden? Was bringt mir eine Anmeldung?<\/h3>\n<p>Eine Anmeldung ist <b>nicht zwingend erforderlich<\/b>. Sie bringt jedoch den Vorteil, dass du einen Platz in einer der Runden sicher bekommst.<\/p>\n<p>\u2666 Sollten alle Spielrunden bereits ausgebucht sein, wird deine Anmeldung f\u00fcr den <strong>folgenden<\/strong> RST ber\u00fccksichtigt. Ich f\u00fchre eine Liste mit &#8222;Wartepositionen&#8220; und informiere die Interessenten \u00fcber den n\u00e4chsten Termin und die angebotenen Spielrunden. So bleibt es bei starker Nachfrage fair.<\/p>\n<p>Du kannst bei der Anmeldung uns mitteilen, wie erfahren du im Hobby Tischrollenspiel bist, welche Systeme du bereits gespielt hattest und welche Settings dich interessieren w\u00fcrde. So habe ich die M\u00f6glichkeit die Gruppen leichter zusammen zustellen.<\/p>\n<p>Beispiele f\u00fcr m\u00f6gliche Settings:<\/p>\n<ul>\n<li>Low-Fantasy (i.d.R. mit wenigen magischen Elementen)<\/li>\n<li>High-Fantasy (i.d.R. mit exessivem Gebrauch von Magie)<\/li>\n<li>Steampunk (Dampfbetriebene Maschinen und verr\u00fcckte Wissenschaft)<\/li>\n<li>Cyberpunk (zukunftsvision\u00e4re Dystropie mit Cybertechnologie [und Magie])<\/li>\n<li>Detektiv (Viktorianisches Zeitalter alla Sherlock Holmes)<\/li>\n<li>Tiere verk\u00f6rpern (My little pony, Ratten!, Mausritter)<\/li>\n<li>Mantel und Degen \/ Piraterie (7te See)<\/li>\n<li>Mythologie (Skandinavische Legenden)<\/li>\n<li>Horror\/Mysterie (1920er mit dem H. P. Lovecraft Mythos)<\/li>\n<li>Comedy \/ Slapstick (Everyone is John oder Paranoia)<\/li>\n<li><em>und viele mehr<\/em><\/li>\n<\/ul>\n<h3>Kann ich auch ohne Anmeldung zum Rollenspieltreff erscheinen?<\/h3>\n<p><strong>Ja.<\/strong><\/p>\n<p>Es besteht jedoch kein Anspruch auf die Teilnahme an einer Spielrunde. Bei den Spielrunden zuzusehen ist m\u00f6glich.<\/p>\n<h3>Lohnt sich ein Besuch auch ohne Teilnahme an einer Spielrunde?<\/h3>\n<p>Solltest du an einem Einf\u00fchrungsspiel teilnehmen wollen, <strong>empfiehlt<\/strong> sich eine vorherige Anmeldung. Sollte diese Anmeldung ausstehen und du willst dein <strong>Gl\u00fcck<\/strong> herausfordern, kannst du gerne <strong>um 11 Uhr<\/strong> erscheinen und einen der ggf. noch offnene Pl\u00e4tze einnehmen &#8211; oder darauf hoffen, dass jemand mit Anmeldung <strong>abgesprungen<\/strong> ist, sodass dieser Platz frei wird.<\/p>\n<p>Dar\u00fcber hinaus kannst du das Treffen aber auch dazu nutzen, dir eine \u00dcbersicht \u00fcber die community (im Mainzer Raum) zu verschaffen, neue Kontakte zu kn\u00fcpfen oder einfach nur mal reinzuschauen.<\/p>\n<h3>Wie viele Runden werden angeboten?<\/h3>\n<p>Mindestens eine Spielrunde wird angeboten, an der im Regelfall bis zu vier Spielerinnen teilnehmen k\u00f6nnen. Die maximale Kapazit\u00e4t liegt bei <strong>drei Spielgruppen<\/strong> mit <strong>jeweils vier<\/strong> Spielerinnen. Wir k\u00f6nnen somit <strong>max. 12 Spielerinnen<\/strong> an einem RST im Orcish Outpost unterst\u00fctzen.<\/p>\n<p>Einige Spielleitungen bieten bis zu sechs Spielpl\u00e4tze an, dies versuche ich jedoch zu vermeiden, da die <strong>Qualit\u00e4t<\/strong> darunter leiden kann. Ein <strong>Ziel des RST<\/strong> ist es, <strong>qualitativ<\/strong> so hochwertig wie m\u00f6glich &#8211; nach den F\u00e4higkeiten der Spielleitungen &#8211; Interessierte in das Hobby einzuf\u00fchren.<\/p>\n<h3>Welche Systeme\/Settings werden angeboten?<\/h3>\n<p>Das ist sehr unterschiedlich, da das Angebot durch die jeweils teilnehmenden Spielleiterinnen entsteht. Systeme, die in den letzten Treffen vermehrt anzutreffen waren, sind z.B. <strong>Das schwarze Auge<\/strong>, <strong>Cthulhu<\/strong>, <strong>Dungeons and Dragons<\/strong>, <strong>Pathfinder<\/strong> und <strong>Midgard<\/strong>. <strong>Paranoia<\/strong>, <strong>NOVA<\/strong> und <strong>Everyone is John<\/strong> standen aber auch bereits schon zur Auswahl und wurden mitunter bespielt.<\/p>\n<p>Die aktuell <strong>angebotenen Runden<\/strong>, deren Spielleiterinnen und freie Pl\u00e4tze erf\u00e4hrst du durch die <a href=\"mailto:RST@magic-seven.de\">Kontaktaufnahme zur Organsiation<\/a>.<\/p>\n<h3>Muss ich etwas zum Rollenspieltreff mitbringen?<\/h3>\n<p><strong>Nein.<\/strong><\/p>\n<p>Au\u00dfer vielleicht&#8230; <b>Gute Laune und viiiel Zeit!<\/b><\/p>\n<p>Einige Spielerinnen besitzen ihre <b>eigenen Rollenspielw\u00fcrfel<\/b>. Diese d\u00fcrfen gerne mitgebracht werden. Ob sie zum Einsatz kommen d\u00fcrfen, entscheidet die jeweilige Spielleiterin. <span style=\"color: #333333;\"><em>(Ich habe es noch nicht erlebt, dass der Einsatz seiner eigenen Rollenspielw\u00fcrfel untersagt wurde, au\u00dfer das System verwendet g\u00e4nzlich andere W\u00fcrfelarten.)<\/em><\/span><\/p>\n<p>Dar\u00fcber hinaus d\u00fcrfen gerne <b>Knabbereien, S\u00fc\u00dfigkeiten und Getr\u00e4nke<\/b> mitgebracht werden. Der Verzehr von mitgebrachten Speisen und Getr\u00e4nken ist im Orcish Outpost <strong>erlaubt<\/strong>.<\/p>\n<p>Solltest du zuf\u00e4llig bei mir (<strong>Oliver<\/strong>) in der Runde mitspielen k\u00f6nnen und m\u00f6chtest mir etwas anbieten, weise ich dich hiermit gerne darauf hin, dass ich die vegane Lebensweise aus\u00fcbe und mich <strong>vegan<\/strong> ern\u00e4hre.<\/p>\n<p>Lediglich viel Zeit solltest du einplanen. Ein RST geht im Regelfall \u00fcber mehrere Stunden (z.B. <s>10<\/s> 11 Uhr bis 16 Uhr). Tischrollenspiel ist ein g\u00fcnstiges Hobby, jedoch leider sehr <strong>zeitintensiv<\/strong>.<\/p>\n<h3>Darf ich selber auch leiten?<\/h3>\n<p>Gerne kannst du nach <strong>R\u00fccksprache mit der Organsation<\/strong> eine Spielrunde anbieten und vor Ort leiten. Das angebotene System sollte <strong>einsteigerfreundlich<\/strong> sein und sich an <strong>klassischem Tischrollenspiel<\/strong> (<em>pen and paper<\/em>) orientieren. Rollenspiele auf Basis von klassischen Brett- und Kartenspielen, sowie Dungeoncrawler sollten vermieden werden. Darunter z\u00e4hlen z.B. Werwolf, Heroquest und Descent. Ich bitte euch ein genretypisches System zu verwenden und auf &#8222;homebrew&#8220;, sowie Eigenkreationen zu verzichten.<\/p>\n<h3>Wie kann ich mir bis zum n\u00e4chsten RST die Zeit vertreiben?<\/h3>\n<p>Schaue doch einfach die Videos von <strong>anderen Spielerunden<\/strong> auf <strong>YouTube<\/strong>. Ich habe mal eine <a href=\"http:\/\/magic-seven.de\/?p=1244\">kleine Auswahl<\/a> zusammengestellt.<\/p>\n<h3>Was bringt es mir an einem Tischrollenspiel teilzunehmen?<\/h3>\n<p>Das k\u00f6nnen einige oder alle der hier aufgelisteten Aspekte sein:<\/p>\n<ul>\n<li>Unterhaltung<\/li>\n<li>Spa\u00df<\/li>\n<li>Steigerung der Konzentrationsf\u00e4higkeit<\/li>\n<li>Training der Vorstellungskraft<\/li>\n<li>\u00dcbung von Kommunikation<\/li>\n<li>Konfliktbew\u00e4ltigung<\/li>\n<li>Freunde finden<\/li>\n<li>Zeitvertreib<\/li>\n<li>Festigen der deutschen Sprache<\/li>\n<\/ul>\n<h3>Was ist die Motivation des Veranstalters?<\/h3>\n<p>Ich mag dabei helfen das Hobby <strong>Tischrollenspiel<\/strong> aus seinem Nischenbereich herauszuholen, f\u00fcr das es lange Zeit als &#8222;nerdig&#8220; galt, und einem breiten Publikum zur Verf\u00fcgung zu stellen. Dar\u00fcber hinaus erfreut es mich, wenn sich <strong>neue Spielergruppen<\/strong> finden, Interessierte in bestehenden Gruppen Einzug finden und &#8222;alte Hasen&#8220; (die keine aktive Gruppe haben; meist durch Umzug oder anderer pers\u00f6nlicher Umst\u00e4nde) sich <strong>einbringen<\/strong> k\u00f6nnen.<\/p>\n<p>Wir, damit meine ich &#8222;mich und alle anderen Interessenten und Helfer&#8220;, sind <strong>kein Verein<\/strong>! Inzwischen ist unserer <strong>community<\/strong> auf \u00fcber 65 Klubmitglieder angewachsen, nennen uns die &#8222;<strong>Rollenspielfreunde Mainz<\/strong>&#8220; und sind ein <strong>Klub<\/strong>.<\/p>\n<h2>Ziele des RST<\/h2>\n<ul>\n<li><strong>Kostenlose Veranstaltung<\/strong><\/li>\n<li><strong>Werbefrei<\/strong><\/li>\n<li><strong>Verlagsunabh\u00e4ngig<\/strong><br \/>\nIhr sollt viele unterschiedliche Systeme angeboten bekommen und nicht ein System\/Verlag vorgeschrieben bekommen<\/li>\n<li><strong>Klassisch<\/strong><br \/>\nWir wollen <em>pen and paper<\/em> als Hobby herausstellen. Die Vermischung mit Brett- oder anderen Gesellschaftsspielen <em>verw\u00e4scht<\/em> den Fokus, sodass wir darum bitten, darauf zu verzichten.<\/li>\n<li><strong>Offen<\/strong><br \/>\nAlle Personen, ungeachtet ihrer Herkunft, Religion, Weltanschauung (au\u00dfer rechtsextrem!), Hautfarbe, Sprache, k\u00f6rperlicher und\/oder psychischer Verfassung, werden respektvoll behandelt.<\/li>\n<\/ul>\n<h3>Noch Fragen?<\/h3>\n<p>Solltst du noch Fragen haben, wende ich gerne an mich! <a href=\"mailto:Orga-RST@magic-seven.de\">Orga-RST@magic-seven.de<\/a><\/p>\n<p>Man liest oder sieht sich,<\/p>\n<p>Oliver<\/p>\n<h3>Stattgefundene Treffen<\/h3>\n<ol>\n<li>RST war am 15. Juni 2019<\/li>\n<li>RST war am 31. August 2019<\/li>\n<li>RST war am 21. September 2019<\/li>\n<li>RST war am 19. Oktober 2019<\/li>\n<li>RST war am 16. November 2019<\/li>\n<li>RST war am 14. Dezember 2019<\/li>\n<li>RST war am 11. Januar 2020<\/li>\n<li>RST war am 01. Februar 2020<\/li>\n<li>RST war am 04. April 2020<\/li>\n<\/ol>\n<p><span style=\"color: #808080;\"><em>[nicht erfasster Zeitraum]<\/em><\/span><\/p>\n<p>Reload:<\/p>\n<ol>\n<li>RST war am 20. Mai 2023<\/li>\n<li>RST war am 13. Juni 2023<\/li>\n<li>RST war am 29. Juli 2023<\/li>\n<li>RST war am 09. September 2023<\/li>\n<li>RST war am 14. Oktober 2023<\/li>\n<li>RST war am 25. November 2023<\/li>\n<li>RST wird am 30. Dezember 2023 stattfinden<\/li>\n<\/ol>\n<h3>Stattgefundene Rollenspieltreffen im Jahre 2024<\/h3>\n<p>In Klammern sind die angebotenen Rollenspielsysteme angegeben.<\/p>\n<ul>\n<li>27. Januar 2024 (Warhammer Fantasy, Das schwarze Auge 1e)<\/li>\n<li>24. Februar 2024 (Shadowrun: Anarchy, Dungeons and Dragons 5e, Dungeon World)<\/li>\n<li>Im M\u00e4rz fand kein RST statt, da der <strong>Gratis Rollenspieltag<\/strong> (kurz GRT) stattfand. Dieser war am 16. M\u00e4rz 2024. Die angebotenen Runden im Orcish Outpost waren: Dungeons and Doggies, Mausritter und Psi*Run.<\/li>\n<li>20. April 2024 (Das schwarze Auge 1e, Dungeons and Dragons 5e, Brindlewood Bay)<\/li>\n<li>11. Mai 2024 (Dune RPG, Das schwarze Auge 1e, Private Eye)<\/li>\n<li>15. Juni 2024 (Shadowrun: Anarchy, Fallout, Psi*Run)<\/li>\n<li>13. Juli 2024 (Brindlewood Bay, Fallout, Das schwarze Auge 1e)<\/li>\n<li>17. August 2024 (Fallout, Mausritter, Dungeons and Dragons 5e)<\/li>\n<li>14. September 2024 (Avatar Legends, Mausritter, Das schwarze Auge 1e)<\/li>\n<li>12. Oktober 2024 (Conan, Private Eye, Old School Essentials &#8222;Rules Cyclopedia&#8220;)<\/li>\n<li>23. November 2024 (Conan, ROOT Rpg, Dungeons and Dragons 5e &#8222;Grauen aus der Tiefe&#8220;)<\/li>\n<li>14. Dezember 2024 (Dungeons and Dragons 2024 &#8222;Scions of Elemental Evil&#8220;, Shadowdark, Das schwarze Auge 1e)<\/li>\n<\/ul>\n","protected":false},"excerpt":{"rendered":"<p>Hallo Reisende, ich hei\u00dfe Oliver (39 damals, heute 44) und lade dich herzlich zum Rollenspieltreff in Mainz im Orcish Outpost ein, um Tischrollenspiel kennenzulernen, an einem Einf\u00fchrungsspiel teilzunehmen, andere Rollenspieler und Spielleiter anzutreffen und Spielrunden anzubieten oder beizutreten. Diese Treffen sind kosten- und werbefrei, werden nicht durch einen Verein ausgetragen und dienen nicht einem kommerziellen<\/p>\n<p class=\"more-link\"><a href=\"https:\/\/magic-seven.de\/?page_id=1217\" class=\"themebutton\">Read More<\/a><\/p>\n","protected":false},"author":1,"featured_media":1380,"parent":0,"menu_order":0,"comment_status":"closed","ping_status":"closed","template":"","meta":[],"_links":{"self":[{"href":"https:\/\/magic-seven.de\/index.php?rest_route=\/wp\/v2\/pages\/1217"}],"collection":[{"href":"https:\/\/magic-seven.de\/index.php?rest_route=\/wp\/v2\/pages"}],"about":[{"href":"https:\/\/magic-seven.de\/index.php?rest_route=\/wp\/v2\/types\/page"}],"author":[{"embeddable":true,"href":"https:\/\/magic-seven.de\/index.php?rest_route=\/wp\/v2\/users\/1"}],"replies":[{"embeddable":true,"href":"https:\/\/magic-seven.de\/index.php?rest_route=%2Fwp%2Fv2%2Fcomments&post=1217"}],"version-history":[{"count":76,"href":"https:\/\/magic-seven.de\/index.php?rest_route=\/wp\/v2\/pages\/1217\/revisions"}],"predecessor-version":[{"id":1512,"href":"https:\/\/magic-seven.de\/index.php?rest_route=\/wp\/v2\/pages\/1217\/revisions\/1512"}],"wp:featuredmedia":[{"embeddable":true,"href":"https:\/\/magic-seven.de\/index.php?rest_route=\/wp\/v2\/media\/1380"}],"wp:attachment":[{"href":"https:\/\/magic-seven.de\/index.php?rest_route=%2Fwp%2Fv2%2Fmedia&parent=1217"}],"curies":[{"name":"wp","href":"https:\/\/api.w.org\/{rel}","templated":true}]}}