{"id":948,"date":"2018-01-10T20:47:41","date_gmt":"2018-01-10T18:47:41","guid":{"rendered":"http:\/\/magic-seven.de\/?page_id=948"},"modified":"2023-06-13T22:47:21","modified_gmt":"2023-06-13T20:47:21","slug":"startseite-2","status":"publish","type":"page","link":"https:\/\/magic-seven.de\/","title":{"rendered":"Es war einmal&#8230;"},"content":{"rendered":"<p>Es war einmal&#8230;<\/p>\n<p>&#8230;vor langer Zeit, in der hatten die Leute Computer und Videospielkonsolen um sich zu besch\u00e4ftigen, da gab es einen Jungen, dem waren die digitalen Spielwelten \u00fcberdr\u00fcssig und entschied sich ein &#8211; ihm bereits altbekanntes &#8211; Hobby wieder aufleben zu lassen: <b>Tischrollenspiel<\/b>; oder auch <i>pen and paper<\/i> genannt.<\/p>\n<p>Herzlich Willkommen auf magic-seven.de<\/p>\n<p>Diese Seite widmet sich haupts\u00e4chlich dem Tischrollenspiel. Angesprochene Spielrunden beziehen sich meistens auf in <b>Mainz<\/b>, Umgebung oder im <b>Internet<\/b> stattfindend.<\/p>\n<p>Was steht hinter dem Konzept des RST?<\/p>\n<p>Die Abk\u00fcrzung RST steht f\u00fcr &#8222;Rollenspieltreff&#8220;, genau genommen &#8222;Mainzer Rollenspieltreff im Orcish Outpost&#8220; und ist ein etwa einmal monatlich stattfindenes Treffen von Tischrollenspiel-Interessierten und wird insbesondere f\u00fcr Anf\u00e4nger:innen ausgerichtet.<\/p>\n<p>Die Ziele des RST:<\/p>\n<ul>\n<li>Treffpunkt f\u00fcr Pen and Paper-Hobbyisten<\/li>\n<li>Probespielrunden, um neue Rollenspielsysteme kennen zu lernen<\/li>\n<li>Aufbau und Ausbau der Rollenspielgemeinde im Raum Mainz und Umgebung<\/li>\n<li>Neue Personen ins Hobby Pen and Paper einzuf\u00fchren<\/li>\n<\/ul>\n<p>Hier kannst du Gleichgesinnte treffen, die das selbe Hobby mit dir teilen. Neue Spielsysteme kennenlernen (in Kurzabenteuern, die vor Ort ausgetragen werden, also im Laden &#8222;Orcish Outpost&#8220;)<\/p>\n","protected":false},"excerpt":{"rendered":"<p>Es war einmal&#8230; &#8230;vor langer Zeit, in der hatten die Leute Computer und Videospielkonsolen um sich zu besch\u00e4ftigen, da gab es einen Jungen, dem waren die digitalen Spielwelten \u00fcberdr\u00fcssig und entschied sich ein &#8211; ihm bereits altbekanntes &#8211; Hobby wieder aufleben zu lassen: Tischrollenspiel; oder auch pen and paper genannt. Herzlich Willkommen auf magic-seven.de Diese<\/p>\n<p class=\"more-link\"><a href=\"https:\/\/magic-seven.de\/\" class=\"themebutton\">Read More<\/a><\/p>\n","protected":false},"author":1,"featured_media":0,"parent":0,"menu_order":0,"comment_status":"closed","ping_status":"closed","template":"","meta":[],"_links":{"self":[{"href":"https:\/\/magic-seven.de\/index.php?rest_route=\/wp\/v2\/pages\/948"}],"collection":[{"href":"https:\/\/magic-seven.de\/index.php?rest_route=\/wp\/v2\/pages"}],"about":[{"href":"https:\/\/magic-seven.de\/index.php?rest_route=\/wp\/v2\/types\/page"}],"author":[{"embeddable":true,"href":"https:\/\/magic-seven.de\/index.php?rest_route=\/wp\/v2\/users\/1"}],"replies":[{"embeddable":true,"href":"https:\/\/magic-seven.de\/index.php?rest_route=%2Fwp%2Fv2%2Fcomments&post=948"}],"version-history":[{"count":21,"href":"https:\/\/magic-seven.de\/index.php?rest_route=\/wp\/v2\/pages\/948\/revisions"}],"predecessor-version":[{"id":1396,"href":"https:\/\/magic-seven.de\/index.php?rest_route=\/wp\/v2\/pages\/948\/revisions\/1396"}],"wp:attachment":[{"href":"https:\/\/magic-seven.de\/index.php?rest_route=%2Fwp%2Fv2%2Fmedia&parent=948"}],"curies":[{"name":"wp","href":"https:\/\/api.w.org\/{rel}","templated":true}]}}